 y be (-1796)/14 - 4/(-14). Let h = y - -304. Suppose -31 = -3*t + 17. What is the highest common divisor of h and t?
16
Let p be (-2)/(-4) - 10/(-4). Let k = p + -1. Suppose -k*u + u + i = -107, 5*i - 473 = -4*u. Calculate the highest common divisor of 16 and u.
16
Let s(y) = 6*y - 16. Let q be s(6). What is the highest common factor of q and 8?
4
Let x = 92 - 28. What is the highest common factor of x and 16?
16
Suppose i + 2*i = 15. What is the highest common factor of i and 40?
5
Let x(t) = t**2 - 3*t + 4. Let v be x(3). What is the highest common divisor of v and 16?
4
Let j(p) = -6*p - 25. Let z be j(-8). What is the greatest common factor of 253 and z?
23
Let q be 1/1*-2*1. Let u be 5 + (q - -3) + 0. Let f(a) = 11*a**3 + a. Let d be f(1). What is the greatest common factor of d and u?
6
Let t(k) = 39*k**2 + 1. Let n be t(-1). Let b(j) = j**3 - 7*j**2 + 15*j - 1. Let d be b(3). Calculate the highest common factor of d and n.
8
Let t = -89 - -37. Let q be t/(-24) + (-4)/24. Let g(n) = n + 4. Let v be g(0). Calculate the highest common divisor of q and v.
2
Let y be (-4 - -5)*1*-2. Let z be y/(-8) - 117/(-12). Calculate the highest common divisor of 2 and z.
2
Let n = 22 - -29. Suppose 3*c + n = -5*s, -3*s - 25 = 2*c + 6. Let y be s/4*48/(-2). What is the greatest common divisor of y and 36?
18
Let o = -3 - 2. Let z = 0 - o. Suppose 5 = 3*c - 7*c + 5*y, -z = -2*c + y. Calculate the highest common divisor of 2 and c.
1
Suppose -4*i + 2*f = -298, -i - 3*f - 2*f = -47. Let s be (i/5)/(-3)*-5. Calculate the highest common factor of 36 and s.
12
Let k(w) = w**3 + 8*w**2 - 12*w + 3. Let n be k(-9). Let p be (4/5)/((-1)/(-15)). Calculate the greatest common divisor of p and n.
6
Let r be 3/5 + (-703)/(-95). What is the greatest common divisor of 6 and r?
2
Let l(j) = 20*j**2 - j. Let i be l(-1). Suppose -532 = -4*u + x - 30, -x = -2*u + 250. Calculate the highest common divisor of u and i.
21
Let l be -12*(30/8)/(-5). Let u = 58 + -40. Calculate the greatest common factor of u and l.
9
Let a be -1 - -2 - (-1)/1. Suppose 6*x - 3 = 5*x. Suppose 13 = -a*i + x*l + 105, 3*i = l + 124. What is the highest common factor of i and 8?
8
Suppose -30 = -k - 4*k. Let y = 17 - 11. Calculate the highest common factor of k and y.
6
Let x(l) = 100*l**2 + l + 1. Let w be x(1). Calculate the highest common factor of w and 34.
34
Let d(w) = -w**3 - 14*w**2 - 15*w - 6. Let b be d(-13). What is the greatest common factor of 200 and b?
20
Suppose 4*t = -12, 18 = 3*b + t - 30. Calculate the highest common divisor of 187 and b.
17
Let r = 26 + -12. Suppose 0 = 14*w - 989 - 775. Calculate the greatest common divisor of r and w.
14
Let i be (-398)/8 - 3/12. Let k = i - -78. Suppose 1 = 4*a + 5*g, a - 2*g = 2*g + 16. Calculate the highest common factor of k and a.
4
Let w(s) = -2*s**3 - s**2 - s. Let a be w(-1). Let l = a + 7. Calculate the highest common divisor of l and 36.
9
Suppose c = -4*y + 275, -4*y + 2*c + c + 295 = 0. Let h be (-16 - (-1 - 1))*-1. What is the highest common divisor of y and h?
14
Let g be ((-20)/16)/((-2)/(-16)). Let v = 21 - g. Suppose 3*a + 1 = v. What is the greatest common factor of a and 80?
10
Suppose 5*z + 5*d - 1 = 54, 0 = 2*z + 4*d - 32. Let a(h) = 2*h**2 + 5*h. Let c be a(-6). What is the greatest common divisor of c and z?
6
Let t(a) = a**3 - 5*a**2 - 7*a + 8. Let v be t(6). Suppose 0*w = -v*w + 8. Let l = 54 - 22. What is the greatest common factor of l and w?
4
Suppose 0 = 5*l + 4*a - 138, 3*l + 2*a = 61 + 21. Let u = 0 + l. What is the greatest common divisor of 65 and u?
13
Suppose 0 = 5*l - 20, c + 5*l - 124 = -3*c. Let b = -87 + 152. What is the greatest common factor of b and c?
13
Suppose 3*t - 2*t - 4 = -3*v, 4*t - 4*v = 48. Suppose -o + t = o. Let s = -4 - -44. Calculate the greatest common divisor of o and s.
5
Let h(d) = -d**2 - 2*d. Let a be h(2). Let n = 7 - a. What is the highest common factor of n and 15?
15
Let p(t) = -18*t - 3. Let n(z) = z**3 + 4*z**2 + 2*z + 2. Let v be n(-4). Let o be p(v). What is the greatest common divisor of 70 and o?
35
Suppose 3*u = -2*b + 287, -2*u + 515 = 3*u - 4*b. Suppose -t = 3*t - 36. What is the greatest common divisor of u and t?
9
Let o be 1 - 2 - 35/(-7). Suppose -4*u - z = u - 361, -5*u = -o*z - 356. Calculate the greatest common divisor of 18 and u.
18
Let f be -6*4*2/(-12). Calculate the highest common divisor of f and 2.
2
Let l(z) = 2*z**2 - z + 1. Let m be l(2). Let b = 10 - m. Let g be 0 + 2*b + 2. Calculate the highest common factor of 8 and g.
8
Let t be 1 + 22 + 2 + -2. Suppose -t = 5*m - 68. Let i(z) = -z**3 - z**2 - 10. Let y be i(-5). What is the greatest common factor of y and m?
9
Let j be (3/(-2))/(1/(-2)). Let o = -1 + j. Let f be (-45 - -1)*o/(-4). What is the highest common divisor of 2 and f?
2
Let i(w) = 11*w**3 + w**2 - w. Let g be i(1). Let v = g + 5. What is the greatest common divisor of 48 and v?
16
Suppose 3*k - 302 = -14. Suppose -3*o - 2*f + 6 = f, -3*o = 4*f - 7. Let s be (24/(-14))/(o/(-7)). What is the greatest common factor of k and s?
12
Let h = 92 - 44. Let q = -7 - -15. Calculate the highest common factor of q and h.
8
Suppose -4*h = -3*s - 23, -2*h + 15 = -7*s + 2*s. Calculate the greatest common factor of 2 and h.
1
Let g = 6 - -2. What is the highest common factor of g and 8?
8
Suppose 3*j = 0, -l + 5*l + 2*j = 340. Suppose -11 - 6 = -v. Calculate the greatest common factor of l and v.
17
Suppose -4*g = 2*w - 14 - 12, 3*g = 12. Suppose -4*y + f = -102, 2*y - w*y + 65 = 5*f. Suppose 6*p - 7*p = -5. What is the highest common factor of p and y?
5
Let l(s) = -8*s**3 - s**2 + 1. Let p be ((-3)/(-6))/(1/(-2)). Let g be l(p). What is the greatest common divisor of 32 and g?
8
Let i = -5 + 1. Let k be 34*((-2)/i - 0). Suppose 3*c - 25 = 26. What is the highest common divisor of k and c?
17
Suppose 2*c + 10 = 16. What is the greatest common factor of c and 33?
3
Let i = 5 - 2. Suppose 2*p + t = 4 + 49, -i*p + 62 = -2*t. What is the greatest common divisor of 216 and p?
24
Suppose 0 = 3*l + 3*d + 7 - 400, 2*d = 4. Suppose 5*c + 135 = 2*x + x, -3*x + l = -3*c. What is the highest common divisor of x and 8?
8
Let k(z) = -z**3 - 16*z**2 + 18*z + 25. Let v be k(-17). What is the greatest common divisor of v and 28?
4
Let m = -7 - -12. What is the highest common divisor of m and 1?
1
Let h = -60 + 76. What is the greatest common factor of h and 20?
4
Let j be (-4)/((-5)/((-5)/(-2))). Suppose j = -3*a + 4*a. Let f be (-128)/(-5) + a/5. Calculate the greatest common factor of f and 39.
13
Let g(i) = i**2 - 11*i - 2. Let j be g(10). Let c = j + 21. Calculate the greatest common divisor of c and 3.
3
Let v(q) = -7*q + 2. Let f be v(-6). Calculate the highest common factor of 22 and f.
22
Let c = -135 + 285. What is the highest common divisor of c and 30?
30
Suppose m - 3*s - 29 = 0, m + 0*s = 4*s + 25. Let k be m - 2/(-1 + 3). Calculate the highest common factor of k and 10.
10
Suppose 3*y - 5 = 4. Let b(z) = -5*z - y - 5 + 3. Let x be b(-7). Calculate the greatest common factor of x and 10.
10
Suppose -3*t - 2*t = -5. Suppose -5*s = -8*s + 15. Suppose -s*w = 6 - 26. Calculate the highest common factor of t and w.
1
Let x be (-5)/(3/6 - 3). Calculate the highest common divisor of x and 38.
2
Let i(n) = -n**3 + 6*n**2 - 3*n - 6. Let l be i(5). Calculate the greatest common divisor of 4 and l.
4
Let q(o) = 113*o - 9. Let f be q(2). What is the greatest common divisor of 31 and f?
31
Let r be (12/(-15))/(2/(-10)). Suppose r = -3*z + 19. Suppose -2*p - 4*s = -30, p + 60 = 5*p + 4*s. Calculate the highest common factor of z and p.
5
Let f(r) = -r + 7. Let d be f(-7). What is the highest common divisor of d and 140?
14
Suppose 4*o - 214 = -3*l, 4*o = l + 2*l + 202. What is the greatest common factor of o and 104?
52
Suppose 0 = 5*x - 3*r + 5*r - 620, 3*x - 4*r = 398. Suppose x = 4*i - 2*i. Calculate the greatest common factor of 7 and i.
7
Let q = 58 + -50. What is the greatest common factor of q and 24?
8
Let l(v) be the first derivative of 4*v - 3 - 1/3*v**3 - 4*v**2. Let y be l(-5). What is the greatest common divisor of 171 and y?
19
Let j(p) = -p**3 + 4*p**2 + 3*p - 4. Let z be j(-3). Calculate the greatest common factor of z and 75.
25
Suppose -7*l = -2*l - 1